e 2?
-10010100110
Convert 407 (base 10) to base 13.
254
-2197 (base 10) to base 8
-4225
What is 366 (base 12) in base 3?
200220
What is -269 (base 14) in base 7?
-1262
What is a0 (base 15) in base 5?
1100
Convert 14551 (base 7) to base 16.
fd6
What is 615 (base 13) in base 7?
3003
Convert -6230 (base 13) to base 10.
-13559
Convert -1113 (base 8) to base 14.
-2dd
Convert -22430 (base 5) to base 9.
-2184
-202551 (base 7) to base 8
-103425
Convert 100100011101 (base 2) to base 13.
10a6
101111110 (base 2) to base 6
1434
20110111 (base 3) to base 14
1a07
-13030 (base 5) to base 7
-2650
What is 10110220 (base 3) in base 8?
4747
21 (base 4) to base 16
9
4a64 (base 12) to base 4
2003230
Convert 3024 (base 15) to base 2.
10011110101111
Convert -3294 (base 10) to base 8.
-6336
What is 35 (base 16) in base 12?
45
Convert 11203 (base 5) to base 6.
3415
Convert 2112112 (base 3) to base 15.
835
-111001000011011 (base 2) to base 4
-13020123
What is 4b6e (base 15) in base 9?
24045
What is 44021 (base 5) in base 7?
11531
-22200 (base 5) to base 2
-11000001110
What is -1342 (base 6) in base 5?
-2400
2579a (base 11) to base 15
ade8
What is -233110 (base 6) in base 13?
-9216
-15ab (base 14) to base 8
-7443
Convert -13183 (base 14) to base 9.
-71366
Convert -221321 (base 4) to base 3.
-10200022
Convert -2715 (base 8) to base 13.
-8a3
Convert -459b (base 15) to base 11.
-10109
Convert -3235 (base 6) to base 14.
-3b1
-16ab (base 12) to base 3
-10201212
Convert ac2 (base 16) to base 12.
1716
102386 (base 9) to base 12
2b250
Convert 1131313 (base 4) to base 13.
2971
Convert -3332 (base 6) to base 13.
-479
367a (base 15) to base 12
685a
Convert -d197 (base 15) to base 2.
-1010110011010010
What is -e887 (base 16) in base 15?
-12987
Convert -104 (base 14) to base 4.
-3020
What is 449a (base 12) in base 3?
101102201
Convert 50a (base 16) to base 2.
10100001010
-9544 (base 13) to base 14
-776a
What is 16414 (base 8) in base 2?
1110100001100
-1120100222 (base 3) to base 15
-9242
What is 57534 (base 10) in base 16?
e0be
Convert 8cbc (base 14) to base 10.
24470
Convert 300 (base 6) to base 9.
130
-1386a (base 11) to base 7
-111241
What is -2000 (base 3) in base 12?
-46
What is -221002011 (base 3) in base 12?
-a6b7
306 (base 15) to base 3
221020
What is 2160b (base 14) in base 10?
80763
-1000101011 (base 2) to base 9
-676
Convert 2321 (base 5) to base 4.
11100
4bc0 (base 13) to base 9
15733
2002011 (base 3) to base 5
22031
Convert -ab23 (base 16) to base 5.
-2400221
What is -321 (base 8) in base 9?
-252
744 (base 12) to base 10
1060
Convert b66 (base 14) to base 15.
9eb
What is 3a0 (base 12) in base 11?
462
What is -103144 (base 5) in base 16?
-ddd
11012023 (base 4) to base 13
966a
Convert 48e2 (base 16) to base 8.
44342
-34453 (base 10) to base 2
-1000011010010101
Convert -1000000110010 (base 2) to base 16.
-1032
1200 (base 5) to base 10
175
40707 (base 8) to base 12
98b3
What is -4018 (base 9) in base 3?
-11000122
Convert 167 (base 13) to base 9.
312
What is 114040 (base 6) in base 15?
2e40
What is 439c (base 13) in base 16?
24d0
Convert 235e (base 15) to base 3.
101022022
What is -401403 (base 6) in base 8?
-75353
-3462 (base 11) to base 15
-1530
Convert 100110110010 (base 2) to base 3.
10101221
What is 100111101111010 (base 2) in base 9?
30816
Convert -11001 (base 3) to base 7.
-214
a83 (base 12) to base 8
3003
What is 323 (base 16) in base 9?
1082
-25b (base 15) to base 9
-655
Convert 10000001101 (base 2) to base 11.
863
1a9 (base 16) to base 5
3200
What is -45 (base 16) in base 5?
-234
3164 (base 7) to base 4
101210
Convert -1543 (base 11) to base 4.
-132333
What is -7317 (base 10) in base 12?
-4299
Convert 110111001 (base 2) to base 10.
441
Convert -40117 (base 9) to base 14.
-9857
What is 3023 (base 4) in base 7?
410
Convert 464 (base 13) to base 3.
1001002
1309 (base 10) to base 5
20214
5b6 (base 13) to base 7
2620
Convert -3210 (base 4) to base 12.
-170
What is -273 (base 10) in base 3?
-101010
511 (base 7) to base 9
311
2242 (base 6) to base 15
255
1892 (base 10) to base 12
1118
-3211 (base 6) to base 14
-39d
Convert -512 (base 10) to base 12.
-368
What is 10000000101111 (base 2) in base 4?
2000233
What is 2247 (base 8) in base 5?
14231
What is -15 (base 12) in base 13?
-14
-532 (base 6) to base 16
-c8
Convert -2342024 (base 5) to base 6.
-532513
-795 (base 10) to base 13
-492
-100222 (base 7) to base 6
-210201
Convert -108 (base 15) to base 13.
-14c
15627 (base 8) to base 2
1101110010111
-14752 (base 14) to base 15
-100e1
What is 6776 (base 10) in base 11?
5100
Convert 1532 (base 7) to base 11.
506
Convert -2c6 (base 13) to base 15.
-235
492 (base 10) to base 2
111101100
6dd (base 16) to base 2
11011011101
What is 11313 (base 5) in base 8?
1501
What is -311 (base 8) in base 6?
-533
24a4 (base 12) to base 16
103c
-1ca (base 14) to base 13
-22a
Convert -11cc4 (base 13) to base 7.
-165024
1111 (base 3) to base 11
37
-140505 (base 6) to base 2
-11001101011001
What is -2b75 (base 13) in base 9?
-8634
Convert -558 (base 11) to base 5.
-10133
What is 1113304 (base 5) in base 16?
4d75
-2200031 (base 4) to base 12
-5b25
Convert 5410 (base 8) to base 7.
11143
What is 5c52 (base 13) in base 16?
3318
Convert -30234 (base 5) to base 14.
-9cc
Convert 35771 (base 8) to base 7.
62522
What is -6b42 (base 13) in base 9?
-22632
Convert 120221 (base 3) to base 15.
1da
-29875 (base 12) to base 8
-161631
Convert 22646 (base 7) to base 8.
13270
Convert 3833 (base 11) to base 2.
1001110000101
Convert -3625 (base 7) to base 2.
-10100111110
What is -1001010 (base 3) in base 15?
-359
What is 77553 (base 9) in base 3?
2121121210
3527 (base 11) to base 10
4627
Convert -3133223 (base 4) to base 6.
-150135
Convert -1662 (base 7) to base 16.
-2a9
-336 (base 7) to base 10
-174
-820 (base 14) to base 11
-1221
212 (base 4) to base 13
2c
Convert 555300 (base 6) to base 11.
31a77
43 (base 11) to base 8
57
-109d (base 15) to base 16
-dc3
What is 23323 (base 5) in base 6?
11533
-5176 (base 8) to base 6
-20234
72a (base 11) to base 13
528
What is -1253 (base 6) in base 5?
-2241
9481 (base 14) to base 7
134421
Convert -2020100 (base 3) to base 6.
-11313
What is -c6 (base 14) in base 4?
-2232
Convert 237c (base 14) to base 4.
1200222
Convert -13401 (base 5) to base 7.
-3132
-1011101101010001 (base 2) to base 16
-bb51
What is -640 (base 14) in base 4?
-103100
What is 1335 (base 6) in base 7?
1004
What is 203432 (base 5) in base 15?
1ee7
-86 (base 14) to base 6
-314
45350 (base 6) to base 7
24444
Convert 10444 (base 5) to base 12.
525
Convert -74007 (base 8) to base 14.
-b2ab
Convert 413 (base 10) to base 2.
110011101
-1331300 (base 6) to base 5
-4333241
6600 (base 7) to base 4
210300
What is 55104 (base 9) in base 2?
1000111010110111
Convert -5611 (base 7) to base 6.
-13201
Convert 262 (base 7) to base 8.
216
Convert -2430 (base 6) to base 4.
-21102
What is 1131000 (base 5) in base 15?
6235
-234 (base 6) to base 2
-1011110
What is 20100 (base 6) in base 10?
2628
What is 401f (base 16) in base 14?
5da7
Convert 984 (base 14) to base 2.
11101011000
-899 (base 10) to base 3
-1020022
What is 10056 (base 9) in base 2?
1100111010100
What is 254000 (base 7) in base 16?
b78f
Convert 10101 (base 2) to base 16.
15
1172 (base 9) to base 11
726
Convert -85514 (base 9) to base 5.
-3302201
a6b (base 16) to base 4
221223
Convert -cf73 (base 16) to base 2.
-1100111101110011
What is -10101000001 (base 2) in base 10?
-1345
20681 (base 10) to base 14
7773
-7d0 (base 16) to base 2
-11111010000
What is 212a (base 11) in base 2?
101011111111
-26266 (base 7) to base 16
-1b5e
What is 6957 (base 12) in base 16?
2dd3
What is -433010 (base 6) in base 16?
-8b3e
-25023 (base 6) to base 13
-18a8
What is 75030 (base 9) in base 16?
c1bf
-111011101000 (base 2) to base 10
-3816
Convert -1030 (base 6) to base 10.
-234
Convert 42a3 (base 13) to base 10.
9259
Convert 130 (base 9) to base 6.
300
Convert -105 (base 10) to base 7.
-210
Convert -1a45 (base 11) to base 8.
-5036
4a3f (base 16) to base 13
8861
10606 (base 9) to base 3
100200020
Convert -fd (base 16) to base 3.
-100101
-51463 (base 7) to base 16
-312d
What is 10110001110011 (base 2) in base 3?
120121110
What is -12 (base 10) in base 7?
-15
14ed (base 15) to base 10
4498
Convert -2